
5241
In base 9, what is -4 + 1?
-3
In base 10, what is -6 - -1243?
1237
In base 3, what is -111 - -12?
-22
In base 10, what is -4 + -46?
-50
In base 5, what is 222 + 44?
321
In base 12, what is 1 - -53?
54
In base 7, what is 0 - -16?
16
In base 10, what is 0 - -62?
62
In base 6, what is -5 + -2504?
-2513
In base 2, what is -10 - 10100100?
-10100110
In base 14, what is -20 - -4?
-1a
In base 10, what is -293 + 5?
-288
In base 11, what is 38 + -70?
-33
In base 12, what is -7 + -92?
-99
In base 5, what is -1 - -130?
124
In base 7, what is 1250 - -5?
1255
In base 15, what is -40 - -e?
-31
In base 7, what is -2 + 534?
532
In base 3, what is 100 + 1?
101
In base 16, what is 59a - 1?
599
In base 4, what is 10 + -1322?
-1312
In base 12, what is 5 + -835?
-830
In base 11, what is -8 - 199?
-1a6
In base 12, what is -3 + 35a?
357
In base 10, what is 5 - 2339?
-2334
In base 6, what is 24432 + 1?
24433
In base 9, what is 0 + -176?
-176
In base 5, what is 100 + -2?
43
In base 8, what is -424 - -4?
-420
In base 13, what is -b - 79?
-87
In base 7, what is 225 + -141?
54
In base 15, what is 3 + -206?
-203
In base 11, what is -1128 - -2?
-1126
In base 13, what is -21 + 2?
-1c
In base 11, what is -281 + 2?
-27a
In base 16, what is 1b5 - -a?
1bf
In base 2, what is 0 + 10110011?
10110011
In base 10, what is -3 - -2869?
2866
In base 2, what is 10111 - 10111010?
-10100011
In base 9, what is -4 + -660?
-664
In base 12, what is 3 - 334?
-331
In base 16, what is -105 - -5?
-100
In base 12, what is -130b + -4?
-1313
In base 12, what is 1 - 0?
1
In base 7, what is 102 - -106?
211
In base 5, what is 10 + 4323?
4333
In base 5, what is 10 + -211310?
-211300
In base 9, what is -43 - 31?
-74
In base 15, what is 3 - 4d?
-4a
In base 15, what is -2 - 39d?
-3a0
In base 5, what is 143 - 10?
133
In base 6, what is -1 + -22332?
-22333
In base 5, what is 343 - 1003?
-110
In base 11, what is 1a63 - -3?
1a66
In base 16, what is 4 - -51?
55
In base 3, what is 1001 + -110?
121
In base 9, what is 0 - -233?
233
In base 7, what is 11 - -5?
16
In base 8, what is 22463 + -4?
22457
In base 14, what is -29 + -2?
-2b
In base 13, what is 306 - c?
2c7
In base 16, what is -32 + -2?
-34
In base 4, what is -11 + 3111?
3100
In base 9, what is -37 + -2?
-40
In base 9, what is 6 - 332?
-325
In base 8, what is -562 - -52?
-510
In base 8, what is -114013 + 4?
-114007
In base 15, what is -3 + -9b1?
-9b4
In base 9, what is -461 + -1?
-462
In base 12, what is -2a48 - 5?
-2a51
In base 12, what is 2 + -47?
-45
In base 11, what is -4 + a61?
a58
In base 9, what is 2 - 3?
-1
In base 10, what is 635 + 6?
641
In base 10, what is -1 - -1279?
1278
In base 16, what is ac - -19?
c5
In base 14, what is -5 + -c6?
-cb
In base 5, what is -4 + 2424?
2420
In base 5, what is -13 + 1314?
1301
In base 4, what is -10 + -1100?
-1110
In base 14, what is -4 - 60?
-64
In base 16, what is -2df + 4?
-2db
In base 3, what is 11 - 1211?
-1200
In base 6, what is -35 - 10?
-45
In base 7, what is 4024 + 4?
4031
In base 5, what is 0 + 3314?
3314
In base 16, what is -286 - -3?
-283
In base 8, what is 23 + 263?
306
In base 9, what is -5 - 1072?
-1077
In base 5, what is 10 - -222?
232
In base 11, what is 1611 + -4?
1608
In base 13, what is -14 - -4b?
37
In base 13, what is 0 + -2b?
-2b
In base 4, what is 13200 + 0?
13200
In base 3, what is 12010 - -1?
12011
In base 3, what is -110 + -1001?
-1111
In base 8, what is -233 + 26?
-205
In base 13, what is 64 + 34?
98
In base 13, what is -4ba - -4?
-4b6
In base 10, what is -268 + 31?
-237
In base 3, what is 110202 + -1?
110201
In base 12, what is -723 + 1?
-722
In base 15, what is 2338 + 5?
233d
In base 14, what is -b2 + -6?
-b8
In base 10, what is -931 + 2?
-929
In base 13, what is 4 - 21?
-1a
In base 10, what is -2 - 574?
-576
In base 6, what is -401 + -5?
-410
In base 2, what is -100 - -11110?
11010
In base 9, what is 3 - 3313?
-3310
In base 9, what is -3468 - 2?
-3471
In base 15, what is 9 - 14?
-a
In base 7, what is 0 - -150?
150
In base 11, what is 2 + 1422?
1424
In base 10, what is 9 + -82?
-73
In base 7, what is -1 + 30?
26
In base 2, what is -100001011 + -101?
-100010000
In base 13, what is 2c7c + 2?
2c81
In base 4, what is 220232 + -1?
220231
In base 10, what is 135 - -3?
138
In base 12, what is -14 - a?
-22
In base 7, what is 244 - 5?
236
In base 11, what is -17a + 1?
-179
In base 6, what is -1 + -3444?
-3445
In base 4, what is 21 - -133121?
133202
In base 7, what is 50 - 364?
-314
In base 14, what is 0 - -53?
53
In base 15, what is -3 + -220?
-223
In base 9, what is 1 + 20?
21
In base 2, what is -1100101000110 + 1?
-1100101000101
In base 9, what is 5 + -266?
-261
In base 13, what is 980 + 3?
983
In base 10, what is 5 - -38?
43
In base 9, what is 1400 + 2?
1402
In base 10, what is -5 - 39?
-44
In base 14, what is -5 + 3d5?
3d0
In base 4, what is 11 - 22?
-11
In base 13, what is b + -b?
0
In base 12, what is 40 - -a5?
125
In base 13, what is 9a - 0?
9a
In base 13, what is 181 - -4?
185
In base 14, what is -19bd - 5?
-19c4
In base 9, what is -2 + 50?
47
In base 7, what is 42 - 3?
36
In base 15, what is -b5 - 3?
-b8
In base 13, what is -21ca + -3?
-2200
In base 5, what is 4204 - 10?
4144
In base 14, what is 325b + 0?
325b
In base 9, what is 1 + -213?
-212
In base 10, what is 9 + -145?
-136
In base 13, what is 13 - -21?
34
In base 5, what is 101 - 3?
43
In base 13, what is c920 - -4?
c924
In base 14, what is 8d + -5?
88
In base 13, what is -1 + -27?
-28
In base 16, what is -e9 - 15?
-fe
In base 6, what is 2 + 1040?
1042
In base 6, what is 43 + -250?
-203
In base 6, what is -30513 + -3?
-30520
In base 9, what is 13 + 52?
65
In base 6, what is 1 - 1513?
-1512
In base 4, what is -20 + 212?
132
In base 4, what is 13111 - 113?
12332
In base 11, what is 5 + 447?
451
In base 16, what is -42 - 0?
-42
In base 10, what is 7393 + -5?
7388
In base 14, what is -2 + -d?
-11
In base 12, what is 5 + -4?
1
In base 8, what is -11 + 1172?
1161
In base 10, what is 196 + -5?
191
In base 3, what is 200 - 22121?
-21221
In base 12, what is -4 - -28?
24
In base 7, what is 5 - 240?
-232
In base 13, what is 2 - b4?
-b2
In base 14, what is -124 + 26?
-dc
In base 2, what is -11 - -100101010?
100100111
In base 11, what is -2 - -63?
61
In base 4, what is -1 - 13301?
-13302
In base 14, what is 1d7 - 0?
1d7
In base 14, what is -23b4 + 5?
-23ad
In base 13, what is -8 + -1?
-9
In base 9, what is -10 - -28?
18
In base 6, what is 10 + -32?
-22
In base 12, what is 30b + -3?
308
In base 16, what is -6 - 21b?
-221
In base 9, what is -2 + -54?
-56
In base 8, what is -7 - -32?
23
In base 10, what is 11 - -21?
32
In base 9, what is 3 + 201?
204
In base 5, what is -31403 - -1?
-31402
In base 16, what is -e57 + -3?
-e5a
In base 7, what is -64 + 64?
0
In base 13, what is -5c - 38?
-97
In base 14, what is 69 - -5?
70
In base 13, what is -20 + -1?
-21
In base 10, what is 209 - 3?
206
In base 11, what is 4 - 483?
-47a
In base 9, what is 307 - -1?
308
In base 8, what is 167 - 44?
123
In base 8, what is 1 - 3?
-2
In base 6, what is 1 - 1042?
-1041
In base 14, what is -10a - 4?
-110
In base 5, what is -2 + -141?
-143
In base 10, what is -23 + -6?
-29
In base 11, what is 13 + 0?
13
In base 11, what is 3a + -5?
35
In base 7, what is 2 - -126?
131
In base 16, what is 4 + -1fe?
-1fa
In base 6, what is 35 + 21?
100
In base 15, what is -101 - -4?
-ec
In base 4, what is -12 + 2210?
2132
In base 13, what is -6 - -1069?
1063
In base 10, what is 2 - 74?
-72
In base 11, what is -339 + -5?
-343
In base 8, what is 2 - 1076?
-1074
In base 11, what is -20a7 + -2?
-20a9
In base 9, what is -873 + -1?
-874
In base 15, what is 7 - 2da?
-2d3
In base 10, what is 4 + -2756?
-2752
In base 13, what is -4 - 1ac6?
-1aca
In base 15, what is ca - -7?
d2
In base 12, what is 8 - 1?
7
In base 4, what is -1122 + 10?
-1112
In base 12, what is -4 - a?
-12
In base 10, what is -1377 + -4?
-1381
In base 16, what is -23 + -6?
-29
In base 9, what is 1720 - 2?
1717
In base 5, what is -1 - -100?
44
In base 11, what is -135 + 5?
-130
In base 4, what is 0 - -323?
323
In base 15, what is -3 + 7a?
77
In base 14, what is -2 + 195?
193
In base 3, what is -12 - 0?
-12
In base 9, what is -707 + -4?
-712
In base 5, what is 0 + -41?
-41
In base 9, what is -4 - -114?
110
In base 14, what is 